{"id":6553,"date":"2021-03-31T03:26:12","date_gmt":"2021-03-31T03:26:12","guid":{"rendered":"https:\/\/wpsites.agenciakerno.com.br\/ear-site\/about-us\/student-protection-policy\/"},"modified":"2022-11-17T21:30:32","modified_gmt":"2022-11-17T21:30:32","slug":"student-protection-policy","status":"publish","type":"page","link":"https:\/\/www.ear.com.br\/pt-br\/about-us\/student-protection-policy\/","title":{"rendered":"Pol\u00edtica de Prote\u00e7\u00e3o aos Estudantes"},"content":{"rendered":"\t\t<div data-elementor-type=\"wp-page\" data-elementor-id=\"6553\" class=\"elementor elementor-6553 elementor-3154\">\n\t\t\t\t\t\t\t\t\t<section data-dce-background-color=\"#F7F7F7\" data-dce-background-overlay-color=\"#000000\" data-dce-background-image-url=\"https:\/\/ear.com.br\/wp-content\/uploads\/2021\/06\/05_about-us_student-protection_policy.png\" class=\"elementor-section elementor-top-section elementor-element elementor-element-066d938 elementor-section-boxed elementor-section-height-default elementor-section-height-default\" data-id=\"066d938\" data-element_type=\"section\" data-settings=\"{&quot;jet_parallax_layout_list&quot;:[{&quot;jet_parallax_layout_image&quot;:{&quot;url&quot;:&quot;&quot;,&quot;id&quot;:&quot;&quot;},&quot;_id&quot;:&quot;3409c09&quot;,&quot;jet_parallax_layout_image_tablet&quot;:{&quot;url&quot;:&quot;&quot;,&quot;id&quot;:&quot;&quot;},&quot;jet_parallax_layout_image_mobile&quot;:{&quot;url&quot;:&quot;&quot;,&quot;id&quot;:&quot;&quot;},&quot;jet_parallax_layout_speed&quot;:{&quot;unit&quot;:&quot;%&quot;,&quot;size&quot;:50,&quot;sizes&quot;:[]},&quot;jet_parallax_layout_type&quot;:&quot;scroll&quot;,&quot;jet_parallax_layout_direction&quot;:null,&quot;jet_parallax_layout_fx_direction&quot;:null,&quot;jet_parallax_layout_z_index&quot;:&quot;&quot;,&quot;jet_parallax_layout_bg_x&quot;:50,&quot;jet_parallax_layout_bg_x_tablet&quot;:&quot;&quot;,&quot;jet_parallax_layout_bg_x_mobile&quot;:&quot;&quot;,&quot;jet_parallax_layout_bg_y&quot;:50,&quot;jet_parallax_layout_bg_y_tablet&quot;:&quot;&quot;,&quot;jet_parallax_layout_bg_y_mobile&quot;:&quot;&quot;,&quot;jet_parallax_layout_bg_size&quot;:&quot;auto&quot;,&quot;jet_parallax_layout_bg_size_tablet&quot;:&quot;&quot;,&quot;jet_parallax_layout_bg_size_mobile&quot;:&quot;&quot;,&quot;jet_parallax_layout_animation_prop&quot;:&quot;transform&quot;,&quot;jet_parallax_layout_on&quot;:[&quot;desktop&quot;,&quot;tablet&quot;]}],&quot;background_background&quot;:&quot;classic&quot;}\">\n\t\t\t\t\t\t\t<div class=\"elementor-background-overlay\"><\/div>\n\t\t\t\t\t\t\t<div class=\"elementor-container elementor-column-gap-no\">\n\t\t\t\t\t<div class=\"elementor-column elementor-col-50 elementor-top-column elementor-element elementor-element-bfa5e99\" data-id=\"bfa5e99\" data-element_type=\"column\">\n\t\t\t<div class=\"elementor-widget-wrap elementor-element-populated\">\n\t\t\t\t\t\t\t\t<div class=\"elementor-element elementor-element-00984f7 elementor-widget elementor-widget-heading\" data-id=\"00984f7\" data-element_type=\"widget\" data-widget_type=\"heading.default\">\n\t\t\t\t<div class=\"elementor-widget-container\">\n\t\t\t<h1 class=\"elementor-heading-title elementor-size-default\">Pol\u00edtica de Prote\u00e7\u00e3o aos Estudantes da EAR (PPE)\n<\/h1>\t\t<\/div>\n\t\t\t\t<\/div>\n\t\t\t\t<div class=\"elementor-element elementor-element-f87c508 elementor-widget-divider--view-line elementor-widget elementor-widget-divider\" data-id=\"f87c508\" data-element_type=\"widget\" data-widget_type=\"divider.default\">\n\t\t\t\t<div class=\"elementor-widget-container\">\n\t\t\t\t\t<div class=\"elementor-divider\">\n\t\t\t<span class=\"elementor-divider-separator\">\n\t\t\t\t\t\t<\/span>\n\t\t<\/div>\n\t\t\t\t<\/div>\n\t\t\t\t<\/div>\n\t\t\t\t<div class=\"elementor-element elementor-element-0658c5f elementor-widget elementor-widget-text-editor\" data-id=\"0658c5f\" data-element_type=\"widget\" data-widget_type=\"text-editor.default\">\n\t\t\t\t<div class=\"elementor-widget-container\">\n\t\t\t\t\t\t\t<p><i><span style=\"font-weight: 400;\">A Pol\u00edtica de Prote\u00e7\u00e3o da Escola Americana de Recife est\u00e1 baseada na Conven\u00e7\u00e3o das Na\u00e7\u00f5es Unidas dos Direitos da Crian\u00e7a, lei brasileira, e a For\u00e7a-Tarefa Internacional de Prote\u00e7\u00e3o Infantil (FTIPI) .<\/span><\/i><\/p>\n\t\t\t\t\t\t<\/div>\n\t\t\t\t<\/div>\n\t\t\t\t\t<\/div>\n\t\t<\/div>\n\t\t\t\t<div class=\"elementor-column elementor-col-50 elementor-top-column elementor-element elementor-element-4805656\" data-id=\"4805656\" data-element_type=\"column\">\n\t\t\t<div class=\"elementor-widget-wrap\">\n\t\t\t\t\t\t\t\t\t<\/div>\n\t\t<\/div>\n\t\t\t\t\t\t\t<\/div>\n\t\t<\/section>\n\t\t\t\t<section class=\"elementor-section elementor-top-section elementor-element elementor-element-54d1ab0d elementor-section-stretched elementor-section-boxed elementor-section-height-default elementor-section-height-default\" data-id=\"54d1ab0d\" data-element_type=\"section\" data-settings=\"{&quot;stretch_section&quot;:&quot;section-stretched&quot;,&quot;jet_parallax_layout_list&quot;:[{&quot;jet_parallax_layout_image&quot;:{&quot;url&quot;:&quot;&quot;,&quot;id&quot;:&quot;&quot;},&quot;_id&quot;:&quot;b293334&quot;,&quot;jet_parallax_layout_image_tablet&quot;:{&quot;url&quot;:&quot;&quot;,&quot;id&quot;:&quot;&quot;},&quot;jet_parallax_layout_image_mobile&quot;:{&quot;url&quot;:&quot;&quot;,&quot;id&quot;:&quot;&quot;},&quot;jet_parallax_layout_speed&quot;:{&quot;unit&quot;:&quot;%&quot;,&quot;size&quot;:50,&quot;sizes&quot;:[]},&quot;jet_parallax_layout_type&quot;:&quot;scroll&quot;,&quot;jet_parallax_layout_direction&quot;:null,&quot;jet_parallax_layout_fx_direction&quot;:null,&quot;jet_parallax_layout_z_index&quot;:&quot;&quot;,&quot;jet_parallax_layout_bg_x&quot;:50,&quot;jet_parallax_layout_bg_x_tablet&quot;:&quot;&quot;,&quot;jet_parallax_layout_bg_x_mobile&quot;:&quot;&quot;,&quot;jet_parallax_layout_bg_y&quot;:50,&quot;jet_parallax_layout_bg_y_tablet&quot;:&quot;&quot;,&quot;jet_parallax_layout_bg_y_mobile&quot;:&quot;&quot;,&quot;jet_parallax_layout_bg_size&quot;:&quot;auto&quot;,&quot;jet_parallax_layout_bg_size_tablet&quot;:&quot;&quot;,&quot;jet_parallax_layout_bg_size_mobile&quot;:&quot;&quot;,&quot;jet_parallax_layout_animation_prop&quot;:&quot;transform&quot;,&quot;jet_parallax_layout_on&quot;:[&quot;desktop&quot;,&quot;tablet&quot;]}]}\">\n\t\t\t\t\t\t<div class=\"elementor-container elementor-column-gap-no\">\n\t\t\t\t\t<div class=\"elementor-column elementor-col-100 elementor-top-column elementor-element elementor-element-37f1f778\" data-id=\"37f1f778\" data-element_type=\"column\">\n\t\t\t<div class=\"elementor-widget-wrap elementor-element-populated\">\n\t\t\t\t\t\t\t\t<div class=\"elementor-element elementor-element-5837e453 elementor-widget elementor-widget-text-editor\" data-id=\"5837e453\" data-element_type=\"widget\" data-widget_type=\"text-editor.default\">\n\t\t\t\t<div class=\"elementor-widget-container\">\n\t\t\t\t\t\t\t<p>Abuso, neglig\u00eancia e bullying \/ cyberbullying s\u00e3o graves preocupa\u00e7\u00f5es nas escolas e, sendo obst\u00e1culos a sua educa\u00e7\u00e3o e desenvolvimento, n\u00e3o ser\u00e3o tolerados. As escolas t\u00eam um papel institucional particular na sociedade de proteger seus estudantes e assegurar que seja concedido a cada estudante um ambiente seguro e protegido onde possa aprender e se desenvolver.<\/p>\n<p>Os educadores e funcion\u00e1rios da escola, tendo a oportunidade de observar e interagir com estudantes ao longo de per\u00edodos extensos de tempo, est\u00e3o em uma posi\u00e7\u00e3o \u00fanica para identificar e apoiar alunos \u201cem risco\u201d e circunst\u00e2ncias de risco.<\/p>\n<p>Sendo assim, as escolas e os educadores t\u00eam tanto uma obriga\u00e7\u00e3o profissional quanto \u00e9tica de identificar e apoiar estudantes que estejam em risco de abuso, neglig\u00eancia e bullying e\/ou que tenham necessidade de apoio e\/ou prote\u00e7\u00e3o.<\/p>\n<p>Todos os funcion\u00e1rios da EAR (corpo docente, administrativo e equipe de apoio), contratados para Atividades do After-School (ASA) e prestadores de servi\u00e7o s\u00e3o obrigados a ler, reconhecer e aderir ao SPP da escola e assinar anualmente o documento do C\u00f3digo de Conduta da escola. A Pol\u00edtica de Prote\u00e7\u00e3o ao estudante est\u00e1 inclu\u00edda nele. A Pol\u00edtica de Prote\u00e7\u00e3o ao estudante est\u00e1 inclu\u00edda nele.<\/p>\n<p><b>A EAR se compromete a proteger cada um de seus estudantes em todos os aspectos da vida escolar <\/b><span style=\"font-weight: 400;\">Assim sendo, a EAR distribui essa pol\u00edtica anualmente para todos os interessados atrav\u00e9s dos Manuais do Corpo Docente e da Divis\u00e3o, reuni\u00f5es\/sess\u00f5es de informa\u00e7\u00e3o do Corpo Docente e da Divis\u00e3o, Manuais aos Pais do Estudante, e o site p\u00fablico da escola EAR.<\/span><\/p>\n<p><span style=\"font-weight: 400;\">Assim sendo, todos os funcion\u00e1rios da escola devem assinar o seguinte termo: <\/span><a href=\"https:\/\/ear.com.br\/wp-content\/uploads\/2022\/02\/EAR-Code-of-Conduct.pdf\" target=\"_blank\" rel=\"noopener\">C\u00f3digo de Conduta da EAR.<\/a><\/p>\n\t\t\t\t\t\t<\/div>\n\t\t\t\t<\/div>\n\t\t\t\t\t<\/div>\n\t\t<\/div>\n\t\t\t\t\t\t\t<\/div>\n\t\t<\/section>\n\t\t\t\t\t\t\t<\/div>\n\t\t","protected":false},"excerpt":{"rendered":"<p>Pol\u00edtica de Prote\u00e7\u00e3o aos Estudantes da EAR (PPE) A Pol\u00edtica de Prote\u00e7\u00e3o da Escola Americana de Recife est\u00e1 baseada na Conven\u00e7\u00e3o das Na\u00e7\u00f5es Unidas dos Direitos da Crian\u00e7a, lei brasileira, [&hellip;]<\/p>\n","protected":false},"author":1,"featured_media":0,"parent":6462,"menu_order":0,"comment_status":"closed","ping_status":"closed","template":"elementor_header_footer","meta":{"footnotes":""},"class_list":["post-6553","page","type-page","status-publish","hentry"],"_links":{"self":[{"href":"https:\/\/www.ear.com.br\/pt-br\/wp-json\/wp\/v2\/pages\/6553","targetHints":{"allow":["GET"]}}],"collection":[{"href":"https:\/\/www.ear.com.br\/pt-br\/wp-json\/wp\/v2\/pages"}],"about":[{"href":"https:\/\/www.ear.com.br\/pt-br\/wp-json\/wp\/v2\/types\/page"}],"author":[{"embeddable":true,"href":"https:\/\/www.ear.com.br\/pt-br\/wp-json\/wp\/v2\/users\/1"}],"replies":[{"embeddable":true,"href":"https:\/\/www.ear.com.br\/pt-br\/wp-json\/wp\/v2\/comments?post=6553"}],"version-history":[{"count":11,"href":"https:\/\/www.ear.com.br\/pt-br\/wp-json\/wp\/v2\/pages\/6553\/revisions"}],"predecessor-version":[{"id":20885,"href":"https:\/\/www.ear.com.br\/pt-br\/wp-json\/wp\/v2\/pages\/6553\/revisions\/20885"}],"up":[{"embeddable":true,"href":"https:\/\/www.ear.com.br\/pt-br\/wp-json\/wp\/v2\/pages\/6462"}],"wp:attachment":[{"href":"https:\/\/www.ear.com.br\/pt-br\/wp-json\/wp\/v2\/media?parent=6553"}],"curies":[{"name":"wp","href":"https:\/\/api.w.org\/{rel}","templated":true}]}}

Política de Proteção aos Estudantes

<div data-elementor-type="wp-page" data-elementor-id="6553" class="elementor elementor-6553 elementor-3154">
									<section data-dce-background-color="#F7F7F7" data-dce-background-overlay-color="#000000" data-dce-background-image-url="https://ear.com.br/wp-content/uploads/2021/06/05_about-us_student-protection_policy.png" class="elementor-section elementor-top-section elementor-element elementor-element-066d938 elementor-section-boxed elementor-section-height-default elementor-section-height-default" data-id="066d938" data-element_type="section" data-settings="{&quot;jet_parallax_layout_list&quot;:[{&quot;jet_parallax_layout_image&quot;:{&quot;url&quot;:&quot;&quot;,&quot;id&quot;:&quot;&quot;},&quot;_id&quot;:&quot;3409c09&quot;,&quot;jet_parallax_layout_image_tablet&quot;:{&quot;url&quot;:&quot;&quot;,&quot;id&quot;:&quot;&quot;},&quot;jet_parallax_layout_image_mobile&quot;:{&quot;url&quot;:&quot;&quot;,&quot;id&quot;:&quot;&quot;},&quot;jet_parallax_layout_speed&quot;:{&quot;unit&quot;:&quot;%&quot;,&quot;size&quot;:50,&quot;sizes&quot;:[]},&quot;jet_parallax_layout_type&quot;:&quot;scroll&quot;,&quot;jet_parallax_layout_direction&quot;:null,&quot;jet_parallax_layout_fx_direction&quot;:null,&quot;jet_parallax_layout_z_index&quot;:&quot;&quot;,&quot;jet_parallax_layout_bg_x&quot;:50,&quot;jet_parallax_layout_bg_x_tablet&quot;:&quot;&quot;,&quot;jet_parallax_layout_bg_x_mobile&quot;:&quot;&quot;,&quot;jet_parallax_layout_bg_y&quot;:50,&quot;jet_parallax_layout_bg_y_tablet&quot;:&quot;&quot;,&quot;jet_parallax_layout_bg_y_mobile&quot;:&quot;&quot;,&quot;jet_parallax_layout_bg_size&quot;:&quot;auto&quot;,&quot;jet_parallax_layout_bg_size_tablet&quot;:&quot;&quot;,&quot;jet_parallax_layout_bg_size_mobile&quot;:&quot;&quot;,&quot;jet_parallax_layout_animation_prop&quot;:&quot;transform&quot;,&quot;jet_parallax_layout_on&quot;:[&quot;desktop&quot;,&quot;tablet&quot;]}],&quot;background_background&quot;:&quot;classic&quot;}">
							<div class="elementor-background-overlay"></div>
							<div class="elementor-container elementor-column-gap-no">
					<div class="elementor-column elementor-col-50 elementor-top-column elementor-element elementor-element-bfa5e99" data-id="bfa5e99" data-element_type="column">
			<div class="elementor-widget-wrap elementor-element-populated">
								<div class="elementor-element elementor-element-00984f7 elementor-widget elementor-widget-heading" data-id="00984f7" data-element_type="widget" data-widget_type="heading.default">
				<div class="elementor-widget-container">
			<h1 class="elementor-heading-title elementor-size-default">Política de Proteção aos Estudantes da EAR (PPE)
</h1>		</div>
				</div>
				<div class="elementor-element elementor-element-f87c508 elementor-widget-divider--view-line elementor-widget elementor-widget-divider" data-id="f87c508" data-element_type="widget" data-widget_type="divider.default">
				<div class="elementor-widget-container">
					<div class="elementor-divider">
			<span class="elementor-divider-separator">
						</span>
		</div>
				</div>
				</div>
				<div class="elementor-element elementor-element-0658c5f elementor-widget elementor-widget-text-editor" data-id="0658c5f" data-element_type="widget" data-widget_type="text-editor.default">
				<div class="elementor-widget-container">
							<p><i><span style="font-weight: 400;">A Política de Proteção da Escola Americana de Recife está baseada na Convenção das Nações Unidas dos Direitos da Criança, lei brasileira, e a Força-Tarefa Internacional de Proteção Infantil (FTIPI) .</span></i></p>
						</div>
				</div>
					</div>
		</div>
				<div class="elementor-column elementor-col-50 elementor-top-column elementor-element elementor-element-4805656" data-id="4805656" data-element_type="column">
			<div class="elementor-widget-wrap">
									</div>
		</div>
							</div>
		</section>
				<section class="elementor-section elementor-top-section elementor-element elementor-element-54d1ab0d elementor-section-stretched elementor-section-boxed elementor-section-height-default elementor-section-height-default" data-id="54d1ab0d" data-element_type="section" data-settings="{&quot;stretch_section&quot;:&quot;section-stretched&quot;,&quot;jet_parallax_layout_list&quot;:[{&quot;jet_parallax_layout_image&quot;:{&quot;url&quot;:&quot;&quot;,&quot;id&quot;:&quot;&quot;},&quot;_id&quot;:&quot;b293334&quot;,&quot;jet_parallax_layout_image_tablet&quot;:{&quot;url&quot;:&quot;&quot;,&quot;id&quot;:&quot;&quot;},&quot;jet_parallax_layout_image_mobile&quot;:{&quot;url&quot;:&quot;&quot;,&quot;id&quot;:&quot;&quot;},&quot;jet_parallax_layout_speed&quot;:{&quot;unit&quot;:&quot;%&quot;,&quot;size&quot;:50,&quot;sizes&quot;:[]},&quot;jet_parallax_layout_type&quot;:&quot;scroll&quot;,&quot;jet_parallax_layout_direction&quot;:null,&quot;jet_parallax_layout_fx_direction&quot;:null,&quot;jet_parallax_layout_z_index&quot;:&quot;&quot;,&quot;jet_parallax_layout_bg_x&quot;:50,&quot;jet_parallax_layout_bg_x_tablet&quot;:&quot;&quot;,&quot;jet_parallax_layout_bg_x_mobile&quot;:&quot;&quot;,&quot;jet_parallax_layout_bg_y&quot;:50,&quot;jet_parallax_layout_bg_y_tablet&quot;:&quot;&quot;,&quot;jet_parallax_layout_bg_y_mobile&quot;:&quot;&quot;,&quot;jet_parallax_layout_bg_size&quot;:&quot;auto&quot;,&quot;jet_parallax_layout_bg_size_tablet&quot;:&quot;&quot;,&quot;jet_parallax_layout_bg_size_mobile&quot;:&quot;&quot;,&quot;jet_parallax_layout_animation_prop&quot;:&quot;transform&quot;,&quot;jet_parallax_layout_on&quot;:[&quot;desktop&quot;,&quot;tablet&quot;]}]}">
						<div class="elementor-container elementor-column-gap-no">
					<div class="elementor-column elementor-col-100 elementor-top-column elementor-element elementor-element-37f1f778" data-id="37f1f778" data-element_type="column">
			<div class="elementor-widget-wrap elementor-element-populated">
								<div class="elementor-element elementor-element-5837e453 elementor-widget elementor-widget-text-editor" data-id="5837e453" data-element_type="widget" data-widget_type="text-editor.default">
				<div class="elementor-widget-container">
							<p>Abuso, negligência e bullying / cyberbullying são graves preocupações nas escolas e, sendo obstáculos a sua educação e desenvolvimento, não serão tolerados. As escolas têm um papel institucional particular na sociedade de proteger seus estudantes e assegurar que seja concedido a cada estudante um ambiente seguro e protegido onde possa aprender e se desenvolver.</p>
<p>Os educadores e funcionários da escola, tendo a oportunidade de observar e interagir com estudantes ao longo de períodos extensos de tempo, estão em uma posição única para identificar e apoiar alunos “em risco” e circunstâncias de risco.</p>
<p>Sendo assim, as escolas e os educadores têm tanto uma obrigação profissional quanto ética de identificar e apoiar estudantes que estejam em risco de abuso, negligência e bullying e/ou que tenham necessidade de apoio e/ou proteção.</p>
<p>Todos os funcionários da EAR (corpo docente, administrativo e equipe de apoio), contratados para Atividades do After-School (ASA) e prestadores de serviço são obrigados a ler, reconhecer e aderir ao SPP da escola e assinar anualmente o documento do Código de Conduta da escola. A Política de Proteção ao estudante está incluída nele. A Política de Proteção ao estudante está incluída nele.</p>
<p><b>A EAR se compromete a proteger cada um de seus estudantes em todos os aspectos da vida escolar </b><span style="font-weight: 400;">Assim sendo, a EAR distribui essa política anualmente para todos os interessados através dos Manuais do Corpo Docente e da Divisão, reuniões/sessões de informação do Corpo Docente e da Divisão, Manuais aos Pais do Estudante, e o site público da escola EAR.</span></p>
<p><span style="font-weight: 400;">Assim sendo, todos os funcionários da escola devem assinar o seguinte termo: </span><a href="https://ear.com.br/wp-content/uploads/2022/02/EAR-Code-of-Conduct.pdf" target="_blank" rel="noopener">Código de Conduta da EAR.</a></p>
						</div>
				</div>
					</div>
		</div>
							</div>
		</section>
							</div>

<p>Política de Proteção aos Estudantes da EAR (PPE) A Política de Proteção da Escola Americana de Recife está baseada na Convenção das Nações Unidas dos Direitos da Criança, lei brasileira, [&hellip;]</p>
